se -5*r = 11*r - 9680. What are the prime factors of r?
5, 11
Suppose 0 = -4*z + 2*l + 6372, 4*z + 5*l + 1543 = 7943. List the prime factors of z.
5, 11, 29
Let k(p) = -p**2 - 10*p + 7. Suppose -4*b = -2*b + 18. Let v be k(b). Suppose -z - 12 = -v. List the prime factors of z.
2
Let t(p) = -63*p + 223. List the prime factors of t(-11).
2, 229
Suppose 4*c - 3*c = 2. Suppose c*w - 6*w = f - 33, 134 = 3*f + 5*w. What are the prime factors of f?
53
Let v = 31 + 18. Suppose -6 = 2*q, -3*h + v = -3*q - 401. List the prime factors of h.
3, 7
Suppose -9*k - 25 = -4*k. Let f be 2/2*(-3 - k). Suppose -4*l + 10 = n, f*l = 4*n - l - 78. What are the prime factors of n?
2, 3
Let p = -44 - -79. Let v be (2 + 52/(-3))/(24/36). Let k = p + v. What are the prime factors of k?
2, 3
Suppose 2*d = -v - 5, -4*v - 25 = -d + v. Let k(n) = 0*n**2 - 3 + d*n**2 - 2*n**2 + 4*n**2 - 2*n. What are the prime factors of k(3)?
3
Let t = -30 + 37. Suppose -2*x = 3*h - 29 + t, h + 44 = 3*x. What are the prime factors of x?
2, 7
Let n(w) = w**2 - 10*w + 11. Let o be n(10). Suppose o - 1 = 5*d, p - 3*d - 145 = 0. List the prime factors of p.
151
Suppose -v - 3*q + 491 = 0, 4*v + q - 2399 = -v. List the prime factors of v.
479
Suppose 3*a - f = 7572, 5*a - a = -5*f + 10077. What are the prime factors of a?
3, 29
List the prime factors of (1/(-2))/(6/(-12900)) - -6.
23, 47
Let p be (195 + 0)*(-2)/(-3). Let i = p - 92. List the prime factors of i.
2, 19
List the prime factors of 621 - (7 - 1)*2/(-3).
5
Let s(j) = 3*j**3 + 3*j**2 + 3*j - 14. Let x(b) = -4*b**3 - 4*b**2 - 4*b + 14. Let l(n) = -3*s(n) - 2*x(n). What are the prime factors of l(0)?
2, 7
Suppose 7*l + 2*o - 348 = 3*l, -254 = -3*l + 2*o. Suppose 5*h + 3*z - z - l = 0, 0 = 3*h + 4*z - 46. Suppose -4*d + 30 + h = 0. What are the prime factors of d?
2, 3
Let z = 58 - -46. List the prime factors of z.
2, 13
Let b(v) = 19*v**2 + 25. Let w(d) = -28*d**2 - 37. Let l(z) = z**2 + 5*z - 5. Let g be l(-5). Let a(k) = g*w(k) - 7*b(k). What are the prime factors of a(3)?
73
Let f(b) = -b**3 - 10*b**2 - 12*b - 8. Let m be f(-9). Suppose m = -0*s + s. Suppose 0*v + s = v. What are the prime factors of v?
19
Let a be (-91)/(-1 - 0/(-3)). Let v = a + 1. List the prime factors of (-2)/14 - v/(-7).
13
Let i = -46 - -32. Let d = -9 - i. Suppose -d*v + 58 = -v + 2*f, -v - 5*f + 1 = 0. What are the prime factors of v?
2
Suppose 66658 + 241133 = 99*m. List the prime factors of m.
3109
Let h(w) = -4*w - 8. Let g be h(-3). Suppose 4*t = 3*k - 145, 5*t - g = 6. What are the prime factors of k?
3, 17
Suppose -3*g - 3*w = -0*w - 9, -5 = -3*g - 5*w. Suppose y = -g*m + 5*y + 124, 0 = m - 5*y - 29. Suppose -2*h = -h - m. What are the prime factors of h?
2, 3
Let b(p) = -97*p**2 + 3*p - 18. Let r be b(6). What are the prime factors of (-4)/10 - r/30?
2, 29
Let l(h) = 23*h + 1. Let k(t) = t. Let g(u) = -4*k(u) - l(u). Let a be g(-7). Suppose 4*c - 3*x = 188, -7*c - 5*x = -3*c - a. What are the prime factors of c?
47
Let q be 4/(-6) - -1 - (-138)/(-9). Let w = q + 22. List the prime factors of w.
7
What are the prime factors of (-38)/95*195/(-6)?
13
Suppose 10 = 2*q, -2*z - 3*q = q - 24. Suppose 0*v - v = -z. Suppose v*b = b + 27. List the prime factors of b.
3
Suppose -5*p + 2*p - 40 = -2*m, 0 = -4*p + 2*m - 54. Let o(x) = -x**3 - 14*x**2 - 9*x + 5. What are the prime factors of o(p)?
131
Let m be 1/(-3) - 64/24. Let q = m + 7. Suppose 3*v = 3*l + 153, -q*l - 39 = -0*v - v. List the prime factors of v.
5, 11
Let h(r) = 4*r**3 - 39*r**3 - 3 + 3324*r - 7*r**2 - 3331*r. What are the prime factors of h(-2)?
263
Let f = 22 - 19. Suppose -7*g + f*g + 4 = 0. List the prime factors of (8/(-4) - -19)*g.
17
Suppose 0 = -31*f + 26*f + 12575. List the prime factors of f.
5, 503
Let r(k) = k**3 + 16*k - 3. List the prime factors of r(7).
2, 113
Suppose 4*h - 11*j + 12*j - 647 = 0, 5*h = 5*j + 815. What are the prime factors of h?
2, 3
Let l = 217 - 127. Let m = l + 20. What are the prime factors of m?
2, 5, 11
Let n(g) = g**3 + 11*g**2 + 2*g + 25. Let o be n(-11). Suppose -3*t + 7*t = -3*j + 244, 0 = -j + o*t + 64. What are the prime factors of j?
2, 19
Suppose 11*z = 5*z - 108. Let m be ((-1)/(-3))/(2/z). What are the prime factors of ((-684)/4)/m + 3?
2, 3, 5
Let a be ((-6)/4)/3*-58. Let b = a - 13. List the prime factors of b.
2
Suppose -2*f = 4*z - 1784, -5*f = 3*z - 579 - 759. List the prime factors of z.
2, 223
Suppose 2*l + l = 60. Suppose 2*y + y - 5*f - l = 0, -f = -2*y + 18. List the prime factors of (182/35)/(2/y).
2, 13
Suppose -3*v - 2*v = r - 78, v - 6 = -5*r. Suppose -v = -f + 14. Suppose -5*x - 2*g = -72, 2*g + f = 2*x + 4*g. List the prime factors of x.
2, 7
Suppose 5*n - 5407 = -4*a, -3*n - 821 + 4052 = -2*a. What are the prime factors of n?
13, 83
What are the prime factors of (-2034)/(-12)*20/6?
5, 113
Suppose h + 5*i = 3*h + 6, 2*h + 3*i - 10 = 0. Suppose 0 = -g - h*g - 54. Let y = -7 - g. List the prime factors of y.
11
Let a = -20 + 305. List the prime factors of a.
3, 5, 19
Suppose 5*v = -2*g + 82, 3*g - 205 = -2*g + 2*v. Suppose -3*b = -3*t + 2*t - 35, -4*b + 2*t = -48. Suppose g = 5*w + b. List the prime factors of w.
2, 3
Let w = 16 - 2. List the prime factors of 7/(w/254) - (1 - 4).
2, 5, 13
Let q(c) = c**3 - 3*c**2 - 3*c - 2. Let j be q(4). Suppose j*b + 3*b + 30 = 0. What are the prime factors of (-19)/b + (-4)/24?
3
Suppose -2*c - 5 = 1. Let p be 40 - (2 + -2 - c). Suppose 0 = -3*b + 4*n + 41 + 11, -5*n = -2*b + p. What are the prime factors of b?
2
Let g(r) = r**3 - 4*r**2 - 2*r + 7. Let j be g(3). What are the prime factors of 98 - (j + 12/3)?
2, 3, 17
Suppose 35*l - 129776 = 10294. List the prime factors of l.
2, 3, 23, 29
Suppose -4*m + 4*o = 12, 4*m + 5*o + 2 = 7*o. Let p(z) = 86*z - 1. Let x be p(4). Suppose r - 4*w - 79 = -7*w, -5*r = m*w - x. List the prime factors of r.
67
Suppose -13*w = -70*w + 62700. What are the prime factors of w?
2, 5, 11
Let b(i) = i**3 + 7*i**2 - 2*i - 3. Let o be b(-7). Let x(c) = 2*c - 2. Let y be x(2). Suppose -y*q = -o - 13. List the prime factors of q.
2, 3
Let i(a) = -4*a**2 - 3*a - 4. Let h be i(-6). Let n be h/(-14) + 2/(-7). Suppose m - 2*m - 43 = -4*o, 2*m = o - n. What are the prime factors of o?
11
Let r(h) = -h**2 + 10*h - 16. Let w(c) = -c + 16. Let u be 2/3*27/2. Let z be w(u). List the prime factors of r(z).
5
Suppose 5*t + 3*l = -225 - 177, -404 = 5*t + l. Let o = t + 174. List the prime factors of o.
3, 31
Suppose -122*v + 9296 = -118*v. List the prime factors of v.
2, 7, 83
Suppose 0*z - z = -85. Let l = z + -6. List the prime factors of l.
79
Suppose 3*n = -2*b + 997, 4*n + 35 = b + 1368. List the prime factors of n.
3, 37
Suppose 10 = 5*z + 2*s, -2*z + s - 20 = -3*s. Suppose -3*l - 2*u + 413 = z, -4*l - u + 552 = 3*u. List the prime factors of l.
137
Let q(r) be the first derivative of -1 + 2*r**3 + 3*r - 3/2*r**2. What are the prime factors of q(2)?
3, 7
Suppose 2*g - 3*g = 32. Let o be -158*(3 + (-21)/6). Let t = g + o. What are the prime factors of t?
47
Let q(l) = -l**3 - 4*l**2 + 2. Let z be q(-3). Let m be 12/(z - -4) + 195. Suppose m = 6*u + 41. List the prime factors of u.
5
Suppose 3*c = r - 6*r + 37, -20 = -4*r. List the prime factors of 7132/60 + c/30.
7, 17
Suppose 97*d - 100*d + 90 = 0. Suppose x - d = 36. List the prime factors of x.
2, 3, 11
Let g be -6*(-2)/(-3) - -10. Suppose 4*l + 86 = g*l. List the prime factors of l.
43
Suppose 16643 = 20*p - 9*p. What are the prime factors of p?
17, 89
Suppose 1130 = 12*r - 7*r. List the prime factors of r.
2, 113
Suppose 839 = 9*r - 2023. Suppose 5*t = 7*t - r. List the prime factors of t.
3, 53
Suppose 5*x = 3*k - 0*x - 40, x = 2*k - 15. Suppose -p - 67 = -2*p + 2*v, 2*v = k*p - 327. What are the prime factors of p?
5, 13
Let d(m) = -103*m - 453. List the prime factors of d(-47).
2, 1097
What are the prime factors of 688*9/(360/170)?
2, 17, 43
Let n(f) = f**2 + f + 5. Suppose 0 = -0*w - 4*w + 468. Let o be 6/4 + w/(-26). What are the prime factors of n(o)?
11
Let r = -547 - -878. List the prime factors of r.
331
Let d(k) = -7*k**3 + k**2 + k + 1. Let j be d(-1). Suppose j*c - 3*c + v - 90 = 0, -3*c = -3*v - 72. List the prime factors of c.
19
Let p = 7 + -12. Let k = 94 - 69. Let u = p + k. What are the prime factors of u